ime factors of 22966?
2, 11483
List the prime factors of 418.
2, 11, 19
List the prime factors of 4522.
2, 7, 17, 19
What are the prime factors of 1183?
7, 13
List the prime factors of 1905.
3, 5, 127
What are the prime factors of 158249?
7, 13, 37, 47
List the prime factors of 56.
2, 7
List the prime factors of 9200.
2, 5, 23
What are the prime factors of 580?
2, 5, 29
What are the prime factors of 2020?
2, 5, 101
What are the prime factors of 1853?
17, 109
List the prime factors of 7199.
23, 313
What are the prime factors of 10316?
2, 2579
What are the prime factors of 94486?
2, 7, 17, 397
What are the prime factors of 1132?
2, 283
What are the prime factors of 1037?
17, 61
List the prime factors of 9060.
2, 3, 5, 151
List the prime factors of 33327.
3, 7, 23
List the prime factors of 18001.
47, 383
What are the prime factors of 18186?
2, 3, 7, 433
What are the prime factors of 2075?
5, 83
What are the prime factors of 831?
3, 277
List the prime factors of 3624.
2, 3, 151
What are the prime factors of 580?
2, 5, 29
List the prime factors of 6569.
6569
List the prime factors of 29937.
3, 17, 587
List the prime factors of 19832.
2, 37, 67
List the prime factors of 922.
2, 461
List the prime factors of 1134.
2, 3, 7
What are the prime factors of 776?
2, 97
List the prime factors of 94514.
2, 7, 43, 157
List the prime factors of 5234.
2, 2617
List the prime factors of 217.
7, 31
What are the prime factors of 181?
181
What are the prime factors of 1176?
2, 3, 7
List the prime factors of 301.
7, 43
List the prime factors of 3681.
3, 409
List the prime factors of 3980.
2, 5, 199
List the prime factors of 17471.
17471
List the prime factors of 685.
5, 137
What are the prime factors of 133329?
3, 7, 907
List the prime factors of 1645.
5, 7, 47
What are the prime factors of 58346?
2, 29173
List the prime factors of 2951.
13, 227
List the prime factors of 957.
3, 11, 29
What are the prime factors of 1170?
2, 3, 5, 13
What are the prime factors of 130900?
2, 5, 7, 11, 17
List the prime factors of 2508.
2, 3, 11, 19
List the prime factors of 1332.
2, 3, 37
List the prime factors of 374.
2, 11, 17
List the prime factors of 1066.
2, 13, 41
List the prime factors of 9141.
3, 11, 277
List the prime factors of 2280.
2, 3, 5, 19
What are the prime factors of 5673?
3, 31, 61
List the prime factors of 39738.
2, 3, 37, 179
What are the prime factors of 2899?
13, 223
List the prime factors of 84980.
2, 5, 7, 607
List the prime factors of 93328.
2, 19, 307
What are the prime factors of 3553?
11, 17, 19
What are the prime factors of 1229?
1229
List the prime factors of 2005.
5, 401
List the prime factors of 169530.
2, 3, 5, 5651
What are the prime factors of 13498?
2, 17, 397
List the prime factors of 836.
2, 11, 19
What are the prime factors of 4653?
3, 11, 47
What are the prime factors of 3705?
3, 5, 13, 19
List the prime factors of 909.
3, 101
What are the prime factors of 11137?
7, 37, 43
What are the prime factors of 194?
2, 97
What are the prime factors of 155744?
2, 31, 157
What are the prime factors of 9874?
2, 4937
List the prime factors of 7267.
13, 43
List the prime factors of 3484.
2, 13, 67
List the prime factors of 7627.
29, 263
What are the prime factors of 10134?
2, 3, 563
What are the prime factors of 1179?
3, 131
What are the prime factors of 6321?
3, 7, 43
What are the prime factors of 512?
2
List the prime factors of 12415.
5, 13, 191
List the prime factors of 1259.
1259
What are the prime factors of 3544?
2, 443
What are the prime factors of 90193?
19, 47, 101
What are the prime factors of 51451?
23, 2237
What are the prime factors of 71?
71
What are the prime factors of 1042?
2, 521
What are the prime factors of 176206?
2, 19, 4637
What are the prime factors of 2453?
11, 223
What are the prime factors of 3128?
2, 17, 23
List the prime factors of 55849.
55849
What are the prime factors of 732?
2, 3, 61
List the prime factors of 80212.
2, 11, 1823
List the prime factors of 27180.
2, 3, 5, 151
What are the prime factors of 8223?
3, 2741
What are the prime factors of 684?
2, 3, 19
List the prime factors of 2812.
2, 19, 37
What are the prime factors of 6989?
29, 241
What are the prime factors of 11498?
2, 5749
What are the prime factors of 2152?
2, 269
What are the prime factors of 5683?
5683
What are the prime factors of 2623?
43, 61
List the prime factors of 471.
3, 157
List the prime factors of 41.
41
What are the prime factors of 2783?
11, 23
List the prime factors of 54652.
2, 13, 1051
What are the prime factors of 59?
59
What are the prime factors of 2737?
7, 17, 23
What are the prime factors of 3766?
2, 7, 269
What are the prime factors of 29987?
157, 191
List the prime factors of 2234.
2, 1117
What are the prime factors of 57882?
2, 3, 11, 877
List the prime factors of 5889.
3, 13, 151
List the prime factors of 5763.
3, 17, 113
List the prime factors of 1337.
7, 191
List the prime factors of 1952.
2, 61
What are the prime factors of 132496?
2, 7, 13
What are the prime factors of 2076?
2, 3, 173
What are the prime factors of 20076?
2, 3, 7, 239
List the prime factors of 780.
2, 3, 5, 13
List the prime factors of 3443.
11, 313
List the prime factors of 3718.
2, 11, 13
List the prime factors of 20217.
3, 23, 293
What are the prime factors of 9279?
3, 1031
What are the prime factors of 6081?
3, 2027
List the prime factors of 2086.
2, 7, 149
What are the prime factors of 38380?
2, 5, 19, 101
What are the prime factors of 84650?
2, 5, 1693
List the prime factors of 91031.
29, 43, 73
List the prime factors of 28900.
2, 5, 17
List the prime factors of 105862.
2, 41, 1291
What are the prime factors of 214?
2, 107
What are the prime factors of 4209?
3, 23, 61
List the prime factors of 220.
2, 5, 11
List the prime factors of 44632.
2, 7, 797
List the prime factors of 1264.
2, 79
What are the prime factors of 3368?
2, 421
List the prime factors of 44108.
2, 11027
What are the prime factors of 6504?
2, 3, 271
What are the prime factors of 15067?
13, 19, 61
What are the prime factors of 1051?
1051
What are the prime factors of 23162?
2, 37, 313
List the prime factors of 2894.
2, 1447
List the prime factors of 350.
2, 5, 7
List the prime factors of 10082.
2, 71
What are the prime factors of 4719?
3, 11, 13
List the prime factors of 1629.
3, 181
List the prime factors of 1713.
3, 571
List the prime factors of 2655.
3, 5, 59
List the prime factors of 1299.
3, 433
What are the prime factors of 1144?
2, 11, 13
List the prime factors of 36732.
2, 3, 3061
List the prime factors of 5788.
2, 1447
List the prime factors of 2077.
31, 67
List the prime factors of 813.
3, 271
List the prime factors of 2062.
2, 1031
What are the prime factors of 764?
2, 191
List the prime factors of 478.
2, 239
List the prime factors of 53946.
2, 3, 37
List the prime factors of 68663.
7, 17, 577
List the prime factors of 29505.
3, 5, 7, 281
What are the prime factors of 12252?
2, 3, 1021
What are the prime factors of 1881?
3, 11, 19
List the prime factors of 15142.
2, 67, 113
What are the prime factors of 4391?
4391
List the prime factors of 2656.
2, 83
What are the prime factors of 25770?
2, 3, 5, 859
List the prime factors of 42172.
2, 13, 811
List the prime factors of 1945.
5, 389
List the prime factors of 75425.
5, 7, 431
List the prime factors of 44854.
2, 41, 547
List the prime factors of 57560.
2, 5, 1439
List the prime factors of 17711.
89, 199
What are the prime factors of 235?
5, 47
List the prime factors of 18515.
5, 7, 23
List the prime factors of 4001.
4001
List the prime factors of 784.
2, 7
What are the prime factors of 73587?
3, 19, 1291
What are the prime factors of 565?
5, 113
What are the prime factors of 168144?
2, 3, 31, 113
What are the prime factors of 173767?
11, 15797
What are the prime factors of 13795?
5, 31, 89
What are the prime factors of 8300?
2, 5, 83
List the prime factors of 14048.
2, 439
What are the prime factors of 37742?
2, 113, 167
What are the prime factors of 34201?
23, 1487
What are the prime factors of 569?
569
What are the prime factors of 2599?
23, 113
List the prime factors of 5316.
2, 3, 443
What are the prime factors of 1682?
2, 29
What are the prime factors of 1684?
2, 421
What are the prime factors of 12828?
2, 3, 1069
What are the